t l(b) = -5*b + 11. Let w(r) = -r + 1. Let d(q) = l(q) - w(q). Let t(u) = 7*u - 20. Let a(x) = 5*d(x) + 3*t(x). Suppose -32*g - 8 + 200 = 0. Calculate a(g).
-4
Let s(i) = -4*i**3 - i**2 - 2*i - 2. Let x(m) = 2*m**2 + 21*m - 38. Let a = -363 - -351. Let z be x(a). What is s(z)?
30
Let i(z) = -z**3 + z**2 + z - 1. Let q be (-22)/(-4) + (2/4)/1. Let j be (q - 2) + (3 - -13). Let d = -19 + j. Determine i(d).
0
Let c(l) = -l**2 - 9*l + 3. Let y(u) = 2*u**2 - 25*u + 15. Let j be y(12). Let q(i) = i**2 - 6*i - 1. Let w be q(j). Give c(w).
-7
Let d(n) = -8*n**2 - 12*n. Suppose -8*u = -5*u + 8*u + 22. What is d(u)?
-8
Let c(y) = 4*y - 30. Suppose 4 = -6*q + 40. Let l be c(q). Let x(w) = -w**3 - 7*w**2 - 5*w + 8. Give x(l).
2
Suppose 9 = -5*m + 29. Suppose m*z - 2*z - 17 = 3*l, 3*z - 17 = -4*l. Let c(v) = -v + 10. Give c(z).
3
Let j(t) = -4*t + 25. Suppose -l + 5*l = -2*l. Suppose 41*x = 2*b + 39*x - 8, -5*b - 2*x + 34 = l. Calculate j(b).
1
Let n(g) = 12*g + 18. Let i be n(-2). Let o(b) = -3*b**2 - 18*b - 8. Let m(r) = r**2 + 6*r + 3. Let l(p) = i*o(p) - 17*m(p). Give l(-6).
-3
Let j(y) = -y**3 + 9*y**2 + 11*y - 1. Suppose -17 = -3*x + x + q, 5 = -5*q. Let o(c) = -2*c + 26. Let w be o(x). Determine j(w).
9
Let d = -221 - -237. Let w(x) = -d*x**2 + 9 + 26*x**2 + x**3 - 21 + 8*x. What is w(-9)?
-3
Suppose -53 = -5*z - v, -3*v - 19 = 4*z - 46. Let i(r) = -r**3 + 11*r**2 + 12*r - 15. What is i(z)?
-15
Let x(y) = -3*y**2 - 6*y + 4. Let n(g) = -3*g**2 - 4*g + 6. Let q(u) = 3*n(u) - 4*x(u). What is q(-5)?
17
Let o(i) be the first derivative of -i**3/3 + 4*i**2 - 28*i + 982. Determine o(4).
-12
Let t(u) = -9*u**2 + 3*u + 1. Let n(b) = b**2 - b. Let h(l) = -3*n(l) - t(l). Suppose -r - 5*o = -1 + 527, -4*o = -5*r - 2659. Let w = r + 532. Determine h(w).
5
Let g(l) = -490*l + 126. Let f(z) = -89*z + 25. Let m(a) = 22*f(a) - 4*g(a). Give m(-7).
32
Suppose -3*i - 2*i = 0. Let f(h) = -h + 420. Let s(r) = 84. Let k(x) = -f(x) + 5*s(x). What is k(i)?
0
Let j(p) = -7*p - 75. Let m(y) = -13*y - 112. Let r(b) = 5*j(b) - 3*m(b). Calculate r(5).
-19
Suppose 0*f - 3*p = 4*f - 32, 2*p = 3*f - 7. Suppose 7*c = f*c. Let q(d) = c*d + 0*d - d + 1 + 1. Determine q(6).
-4
Let f(r) be the first derivative of 7*r**2/2 + 39*r - 2127. Calculate f(8).
95
Let d(b) = 2*b**3 - 11*b**2 - 10*b + 26. Let w be d(6). Let o(l) = -477*l + 476*l - 5 + w. What is o(-3)?
0
Let o(a) = -500 - 21*a + 241 + 23*a + 238. Determine o(8).
-5
Let z(m) = 2*m - 8. Let p = 5635 - 5636. Calculate z(p).
-10
Let p(l) = 5*l**2 + 0*l**3 + l**3 + 20 + 15*l**2 - 20*l. Suppose 2*b + 9 + 142 = -7*n, 0*b + 4*b = -8. Calculate p(n).
-1
Let m(d) be the second derivative of d**8/6720 - d**7/840 - d**6/120 + d**5/20 + 19*d**4/4 - 11*d. Let y(n) be the third derivative of m(n). What is y(4)?
-2
Let u(l) = -l**3 + 41*l**2 - 148*l + 8. Let s = 3389 + -3352. Calculate u(s).
8
Let v(c) = 2*c - 1. Suppose 0 = -6*p + 34*p + 112. Let o(j) = j**3 + 5*j**2 + 10*j + 16. Let d be o(p). Calculate v(d).
-17
Let b(d) = d**2 + 11*d - 56. Let n be b(-15). Let z(g) = 6*g**2 - 5*g**2 + g**2 - g + 0*g + 2. What is z(n)?
30
Let h(b) be the second derivative of -b**4/6 - 2*b**3 - 15*b**2/2 - 18*b + 9. Calculate h(-8).
-47
Suppose -2*o = -2*s - 8, o - 2*s + 7*s + 8 = 0. Let k(u) be the second derivative of 0 + 1/3*u**3 - 7/2*u**o - 14*u. Determine k(7).
7
Let m = 468 + -466. Let s(v) = -4*v**3 + 3*v**2 + 9*v + 1. Let j(c) = 12*c**3 - 8*c**2 - 25*c - 3. Let q(l) = 4*j(l) + 11*s(l). What is q(m)?
33
Let d(u) = -38*u + 15 + 14*u + 9 + 15*u - 8*u. Calculate d(-5).
109
Let g(x) = -3*x - 2. Let v(q) = 5*q + 52. Let r(l) = 44*l + 468. Let i(w) = -3*r(w) + 28*v(w). Let k be i(-7). What is g(k)?
10
Let w be 93 - 87 - (3 + 1). Let g(f) be the first derivative of 1/4*f**4 - 10/3*f**3 + 1/2*f**w - 9*f - 26. Determine g(10).
1
Let p(b) = -3*b - 1. Let a be p(-4). Let v(u) = 27110571*u**3 - 13555284*u**3 - u - 13555288*u**3 + 9 + 11*u**2. Calculate v(a).
-2
Let n(y) = -4*y + 0*y - 2*y + 6 - 4*y + 11*y + y**2. Suppose -3*g = g + g. What is n(g)?
6
Let s(o) = o**3 + 3*o**2 - 20*o - 4. Suppose -2*t - 20*p = -16*p + 14, 3*p = 2*t + 14. Give s(t).
-60
Suppose 4*x + n + 10 = -0*x, x + 3*n - 3 = 0. Let z(f) = -f + 3. Let y(q) = q - 3. Let b(l) = x*y(l) - 4*z(l). Give b(11).
8
Let o(f) = 6*f - 5*f + f**3 - 230*f**2 + 237*f**2 - 4. What is o(-3)?
29
Let g(b) = 18*b - 7. Let x be g(-1). Suppose -5*c + 4*s = -110, 2*c - 40 - 4 = s. Let z = c + x. Let j(i) = i**3 + 3*i**2 + i. Determine j(z).
-3
Let l(u) be the third derivative of 0*u + 1/6*u**3 + 5/8*u**4 + 0 - 130*u**2. Give l(1).
16
Let k(m) = 8 - 595*m + 589*m - 29*m**2 + 30*m**2. Give k(10).
48
Let l(n) be the third derivative of n**5/60 + 5*n**4/24 + 7*n**3/6 + 2*n**2 - 22. Let g be l(-4). Let v(a) = -5*a + 4. Calculate v(g).
-11
Let y(r) = 3*r + 14. Let q(d) = 4*d**2 - 57*d + 9. Let w = 5 - -9. Let v be q(w). What is y(v)?
-1
Let z(i) = -i + 3. Let j(c) = 20*c + 46. Let p(u) = -j(u) - 5*z(u). Give p(-4).
-1
Let s = 259 - 251. Suppose -q = -g - 1, -q + 6 - s = -4*g. Let l(d) = -2*d**2 + d - 2. What is l(q)?
-8
Let q = 3 - 3. Let x(z) = -4 + 2*z**2 + 5*z + q + 5*z**2 - 2 + z**3. Suppose 2*o + 28 = -3*m, 6*o - 10*o = 3*m + 38. What is x(m)?
0
Let l(p) = p**3 + 5*p**2 + 3*p - 4. Suppose -50 = -s - 33. Suppose -a = 4*y + s, -5*y + 3*a - 36 = -2. What is l(y)?
-19
Let o(x) = x**3 - x. Let g be 4/(-10)*(-120)/(-8). Let s(m) = -2*m - 3. Let w be s(g). Let b be (-3)/w*-2 - (-8)/(-3). Determine o(b).
-6
Suppose 20*y = 16*y - 28. Let h(w) = -10*w - 7. Let m(q) = -7*q - 5. Let u(g) = y*m(g) + 5*h(g). Suppose 2*r - 2*c = -3*r - 20, -5*r - 4*c = 20. Calculate u(r).
4
Let h(f) = -15 + 0*f**3 + f + 4*f**2 - f**3 + 9*f**2. Let a = -81639 - -81652. Determine h(a).
-2
Let b(q) = 7*q + 13. Suppose 112*v - 86*v + 256 = 90*v. What is b(v)?
41
Suppose -d + 159 - 173 = -3*p, 0 = 3*d - 5*p + 18. Let y(h) = 6*h - 7. Let z(o) = -31*o + 36. Let l(m) = -11*y(m) - 2*z(m). Give l(d).
-11
Let k(x) = 2*x**2 - 26*x + 48. Let b(g) = -g**2 + 6*g. Let t(j) = -b(j) - k(j). Calculate t(3).
3
Let i(d) = d**2 - 10*d - 40. Let m be i(-4). Suppose -3 = -3*p + 4*c + 7, -2*p - 3*c = m. Let h(q) = q**2 + 3*q + 5. Give h(p).
3
Let c = -46631 + 46632. Let y(f) = -f + 0*f + 0*f**2 - 10*f**2 + 1. Give y(c).
-10
Let q(y) = -123 - 3687*y - 96 + 3693*y. Give q(37).
3
Let s(w) = -4*w**3 - 86*w**2 + 43*w - 15. Let b be s(-22). Let t(y) = -y**3 + 6*y**2 + 5*y - 6. Determine t(b).
-20
Suppose 2*o + 64*p + 5 = 67*p, -3*o - 6*p = -24. Let i(q) = -q - 5. Determine i(o).
-7
Suppose 9 = 5*w + 2*s, -50 = s - 47. Let j(c) = -5*c**2 - 2*c + 2. Give j(w).
-49
Let f(g) be the third derivative of g**5/20 + 5*g**4/24 - 3*g**3/2 - 18*g**2. Calculate f(-8).
143
Let m(c) = -22*c + 1. Let q(r) = 6*r - 1. Suppose 301*n = 302*n + 4. Let l(w) = n*q(w) - m(w). Give l(14).
-25
Suppose -75*p - 1674 = -66*p. Let t = 191 + p. Let x(g) = -g**3 + 6*g**2 - 2*g - 4. Determine x(t).
11
Let q(h) = -h**3 + 10*h**2 + 20*h + 17. Let c(x) = -x**3 - 56*x**2 + 175*x - 106. Let s be c(-59). Calculate q(s).
-31
Let h(t) = t**2 - t - 2. Let z(q) = -14*q**2 + 22*q + 32. Let j(i) = 12*h(i) + z(i). What is j(6)?
-4
Let z(f) = 5*f - 3. Let r(s) = 5*s + 36 + 38 - 73 - 9*s. Let y(x) = -3*r(x) - 2*z(x). Give y(-4).
-5
Let d(w) = -2*w - 4. Let v(a) = 172*a - 4. Let z be v(8). Suppose 7*f + z = 21*f. Let u = 93 - f. Determine d(u).
6
Suppose 2*f + 3*v + 7 = 0, -4*v = -4*f + 3988 - 4012. Let q(m) be the third derivative of -m**6/120 - m**5/10 - 5*m**4/24 - 5*m**3/6 + m**2. What is q(f)?
-5
Let q(s) = s**3 - 6*s**2 + 4*s - 7. Let t(k) = k**3 + 1 - 183*k + 360*k - 187*k - 7*k**2. Let m be t(8). Let c be (-10)/(-12)*(-2)/5*m. Calculate q(c).
-12
Let n(c) = -2*c**3 - 43*c**2 - 174*c + 21. Let i be n(-16). Let l(t) = t**3 + 9*t**2 - 22*t - 2. Calculate l(i).
-2
Let z(o) = -o**3 - 9*o**2 + 3 - 1 - 1. Suppose -2*t = -4*d + 42, t + 71 = 3*d + 44. Give z(t).
1
Let h(q) = q**3 - 8*q**2 + 11*q + 7. Suppose -216 = 65*w - 101*w. Give h(w).
1
Let b(f) = -46 + 8*f - 33 + 83. Determine b(8).
68
Let u be 8/(-1)*(-6)/12. Let z = 980 - 979. Let l(b) = 1. Let d(c) = 2*c + 1. Let v(k) = u*l(k) + z*d(k). Determine v(-4).
-3
Let c(b) = b**2 - 10*b + 6. Suppose -17*n - 852 = -22*n - 4*p, -156 = -n + 4*p. Suppose -151*u + n*u = 136. Deter